e prime factors of 1 + (-2)/q*-4?
3
Let h = 11 + -5. List the prime factors of (42/9)/(1/h).
2, 7
Suppose 4*v + 337 - 69 = -4*d, 0 = 4*v - 16. Let k = -41 - d. List the prime factors of k.
2, 3, 5
Let r be (-7)/(-2) - (-10)/(-20). Suppose 4*t + 37 = j, r*j = j + 2*t + 44. What are the prime factors of j?
17
Suppose u = -a + 611, -2*a - 2472 = -4*u + a. What are the prime factors of u?
3, 5, 41
Suppose 15 = -5*v - 0*v + q, 0 = 5*v - 5*q + 15. Let n be 3 + (v - 0) - -4. Suppose 2*w + 5*o = 35, 4*o = n*w + o - 83. List the prime factors of w.
2, 5
Suppose -2*q = -4*q + o + 16, 0 = -2*o + 4. Let d = q - 7. Suppose f + 17 = d*f. What are the prime factors of f?
17
Let c(o) = -47*o**3 - o**2 - o - 4. List the prime factors of c(-2).
2, 5, 37
Let o(n) = 40*n + 1. Let l be -2 + (-96)/(-52) + 15/13. List the prime factors of o(l).
41
Let q = 48 - 44. Suppose q*m - 272 = -2*g, -9*g = -4*g - 5*m - 710. List the prime factors of g.
2, 5, 7
Suppose 4*w + 4*z + 4 = 0, 4*w = 6*z - 3*z + 24. Suppose c - 2 = w*c. What are the prime factors of 97/6 - c/(-6)?
2
Let v be 32 - ((3 - 3) + -2). Suppose -28 = -o + v. List the prime factors of o.
2, 31
Suppose 16*m - 22*m = -18. Suppose -2*z - q + 216 = 0, -m*z - 3*q + 135 = -186. What are the prime factors of z?
109
Let f = 3049 - 1595. What are the prime factors of f?
2, 727
Let w = -343 + 693. What are the prime factors of w?
2, 5, 7
Let y(q) = 16 - 8 - 24*q - 3 + 6*q. List the prime factors of y(-3).
59
Let g = 9716 + -5384. What are the prime factors of g?
2, 3, 19
Suppose -58 = -2*k + 158. Let h = 110 - k. List the prime factors of h.
2
Let l be (-2)/7 - (70470/21)/(-6). Suppose 4*f - l = 3*m, -4*f + 3*f + 4*m + 143 = 0. List the prime factors of f.
139
Let m = 6367 - 3796. List the prime factors of m.
3, 857
Let a = 7 - -343. What are the prime factors of a?
2, 5, 7
Suppose 0 = -40*z - 37*z + 59059. List the prime factors of z.
13, 59
Suppose -853 = -2*k + c, -5*k - 188 = 2*c - 2334. List the prime factors of k.
2, 107
Let o(j) = 23*j + 30. Let y be o(7). Let l = y - 112. List the prime factors of l.
79
Suppose x = 4*c + 28, 4*x + 5*c - c = 212. Suppose -3*b + 42 = -x. List the prime factors of b.
2, 3, 5
Let v = -1457 - -2364. List the prime factors of v.
907
Let o = -156 + 359. What are the prime factors of o?
7, 29
Suppose -1 - 9 = -2*s. Suppose 2*x - 5*h = -s, -4*x = -0*h - 2*h - 14. Suppose -x*v = -v - 152. List the prime factors of v.
2, 19
Let s(z) = 109*z + 17. What are the prime factors of s(6)?
11, 61
Suppose o - 6*o + 405 = 0. What are the prime factors of o?
3
Suppose 4*a + 2*l = -2, 0 = -2*a - 2*l + 4*l - 10. What are the prime factors of a/(4/216*4)*-5?
3, 5
Let t = -20 - -22. Suppose 4*s + 5 - 1 = y, -y = t*s - 4. Suppose y*d - 17 = 31. List the prime factors of d.
2, 3
Suppose 0 = 3*s + 4*r - 1236, -s = -r - 250 - 162. What are the prime factors of s?
2, 103
Let g(i) = i**2 - 6*i - 3. Let p be g(7). Let a(h) = -9 + 2 + h + 11 + 2. List the prime factors of a(p).
2, 5
Let s(m) = 14*m - 17. Let t(o) = 21*o - 25. Let u(c) = -7*s(c) + 5*t(c). What are the prime factors of u(9)?
3, 19
Let l(s) be the second derivative of s**4/12 + s**3 + s**2/2 - s. Let w be l(-3). What are the prime factors of (-2)/((-7)/((-364)/w))?
13
Let y(j) = 2*j**3 + j**2 - j. Let m be y(1). Let q = -390 - -329. List the prime factors of m*4/(-8) - q.
2, 3, 5
Let h(l) = -3*l**3 + l**2 + 2*l - 159. Let s be h(0). Let w = -45 - s. What are the prime factors of w?
2, 3, 19
Let a be (8 - 9)/((-1)/6). Let c(s) = s**2 - 2*s - 8. List the prime factors of c(a).
2
What are the prime factors of ((-290)/15)/(8/(-228))?
19, 29
Let c = 775 - 392. What are the prime factors of c?
383
Suppose -5*k - 35 = -3*b + 558, -246 = 2*k + b. Let y = -47 - k. What are the prime factors of y?
2, 37
Let h = -355 - -1147. Suppose 5*j = -j + h. List the prime factors of j.
2, 3, 11
Let r(h) = 779*h - 170. List the prime factors of r(8).
2, 7, 433
Let a(q) = 2*q**2 + 12*q + 57. What are the prime factors of a(-13)?
239
Let u be (12/4 - -3) + -1. Let o = 5 - -1. Suppose -2*l - l = o, -u*s + 276 = -3*l. What are the prime factors of s?
2, 3
Let p(q) = 3*q**3 - 4*q**2 - 8*q + 35. What are the prime factors of p(7)?
2, 7, 29
Suppose -23*i - 5*i = -25032. List the prime factors of i.
2, 3, 149
Suppose 82*d + 2408 = 84*d. What are the prime factors of d?
2, 7, 43
Let g(z) = z**3 - 3*z**2 + 1. Let p be g(3). Let m be (-308)/(-35) + p/5. What are the prime factors of 250/m + (-2)/(-9)?
2, 7
Let c be ((-21)/3)/(1/(-12)). Let z = c + -47. What are the prime factors of z?
37
Suppose 3*l - 4*p = l + 5740, -8655 = -3*l - 3*p. What are the prime factors of l?
2, 3, 5
Let q be (6/(-5))/(4/(-10)). Let i = 28 + 84. Suppose 0 = q*h + h - i. What are the prime factors of h?
2, 7
Suppose 2*g - 3*h - 40 = 0, -h + 94 = 4*g - 0*h. Suppose -4*z - 4*c = -9*c - 198, -4*z - 4*c + 180 = 0. Let x = z - g. What are the prime factors of x?
2, 3
Let i(u) = -2*u**2 + 5. Let m be i(5). Let r = -28 - m. What are the prime factors of r?
17
Let u = 212 - 177. List the prime factors of u.
5, 7
Suppose 4*b - 4*r - 387 = 2269, 5*r - 10 = 0. List the prime factors of b.
2, 3, 37
Let b be (0 + -1)/((-12)/(-60)). What are the prime factors of (-2 - b)/(-9)*-21?
7
Suppose p - 533 = 2*g + 150, 0 = 3*g - p + 1022. What are the prime factors of -2*(-3)/6*g/(-3)?
113
Let r = -4 + 6. List the prime factors of 30/10 - (-126)/r.
2, 3, 11
Suppose -3*z = -96 - 93. Let g(u) = -u - 37. Let r be g(-39). Suppose -k + 4*m + z = 0, 0 = -2*k + r*m + 104 - 8. What are the prime factors of k?
43
Let v(w) be the second derivative of -w**5/40 - 5*w**4/24 + 5*w**3/6 + 4*w. Let s(c) be the second derivative of v(c). List the prime factors of s(-8).
19
Suppose 0 = -2*r + 4*p + 1666, r + 5*p = 6*p + 832. What are the prime factors of r?
3, 277
Let z = 87 - 83. Suppose -z*b + 5*b = -5*y + 674, 132 = y + 3*b. List the prime factors of y.
3, 5
Suppose -k - 2*w = -3, 0*w = 5*w. Suppose 111 + 84 = k*d - 5*b, 4*d = -2*b + 286. List the prime factors of d.
2, 5, 7
Let y = -7 + 12. Suppose -y*m - 4*k = k, k = m - 6. Suppose -2*q - 10 = 4*t, q + m*q + 5*t = -8. List the prime factors of q.
3
Let l = -2163 - -3392. What are the prime factors of l?
1229
Let n(g) = 2*g - 6. Let a be n(5). Suppose -a*w - 30 = 3*z, 5 = -3*z - 1. What are the prime factors of 34*(-1 + (-9)/w)?
17
Suppose 0 = -3*l + 47 + 412. List the prime factors of l.
3, 17
Let g(m) = m**2 + 18*m - 27. List the prime factors of g(-22).
61
Let t = 2577 - 1027. Suppose -9*b + t = 164. List the prime factors of b.
2, 7, 11
Let t(h) = h**3 - 4*h**2 + h - 1. Let b be t(6). Suppose 4*x = 75 + b. What are the prime factors of x?
2, 19
Let s(j) = -5*j**2 + 2*j. Let l be s(-2). Let a = l + 57. Let u = a + -12. List the prime factors of u.
3, 7
Suppose 5*a = 2*n + 14 + 7, -8 = n - 2*a. Let h be (-5 - -8) + 1*n. Suppose -h*b + 50 = -5. What are the prime factors of b?
11
Suppose 0 = -5*a, 39 = 4*t - 5*a + 111. Let g be 4/(-18) - 1876/t. Let z = g - 36. List the prime factors of z.
2, 17
Suppose -29*j - 3*s + 4593 = -26*j, 3*j - 3*s = 4563. What are the prime factors of j?
2, 7, 109
Let z be 13 + ((-24)/(-2))/4. Let s be -2 - z/4*-1. Suppose x = -s*x + 78. What are the prime factors of x?
2, 13
Suppose -5*b = -20 - 0. Suppose -20 = -4*o + b. What are the prime factors of (-2)/o - (-110)/6?
2, 3
Suppose 0 = 5*d - 2*q - 2*q - 390, -2*q - 306 = -4*d. List the prime factors of d.
2, 37
Suppose d = -27 + 723. List the prime factors of d.
2, 3, 29
Let f = 31 + 42. Let o(d) = 4*d**2 + 5*d - 4. Let m be o(-6). Let x = m - f. What are the prime factors of x?
37
Suppose 0 = -7*n + 2*n - 4*d - 175, 105 = -3*n + 2*d. List the prime factors of (6/(-5))/(2/n).
3, 7
Let u be -3 - -7*(-2 + 3). Let i(c) = 22*c + 22. List the prime factors of i(u).
2, 5, 11
Let z(u) = 25*u**2 + 51*u - 7. What are the prime factors of z(-9)?
1559
Let a(o) = 3*o**2 + 7*o - 6. Suppose 8*p - 6*p + 24 = 0. Let m(j) = 3*j + 30. Let y be m(p). List the prime factors of a(y).
2, 3, 5
What are the prime factors of 12 + 3067 - (-6 - (2 - 4))?
3083
Suppose -15578 = -28*n - 4714. What are the prime factors of n?
2, 97
Suppose 5*o + 5*r = 1567 + 3623, -5*o = 3*r - 5196. What are the prime factors of o?
3, 347
Let l(t) = 2*